{"id":292,"date":"2024-05-29T19:47:25","date_gmt":"2024-05-29T19:47:25","guid":{"rendered":"https:\/\/sites.msudenver.edu\/familyandsupport1010\/?page_id=292"},"modified":"2024-08-07T18:40:04","modified_gmt":"2024-08-07T18:40:04","slug":"familia-y-personas-de-apoyo-1010","status":"publish","type":"page","link":"https:\/\/sites.msudenver.edu\/familyandsupport1010\/familia-y-personas-de-apoyo-1010\/","title":{"rendered":"Familia y Personas de Apoyo 1010"},"content":{"rendered":"\n<figure class=\"wp-block-image size-large\"><img loading=\"lazy\" decoding=\"async\" width=\"1024\" height=\"681\" src=\"http:\/\/sites.msudenver.edu\/familyandsupport1010\/wp-content\/uploads\/sites\/491\/2024\/03\/Orientation-8236_AM08032023-1-1024x681.jpg\" alt=\"\" class=\"wp-image-50\" srcset=\"https:\/\/sites.msudenver.edu\/familyandsupport1010\/wp-content\/uploads\/sites\/491\/2024\/03\/Orientation-8236_AM08032023-1-1024x681.jpg 1024w, https:\/\/sites.msudenver.edu\/familyandsupport1010\/wp-content\/uploads\/sites\/491\/2024\/03\/Orientation-8236_AM08032023-1-300x199.jpg 300w, https:\/\/sites.msudenver.edu\/familyandsupport1010\/wp-content\/uploads\/sites\/491\/2024\/03\/Orientation-8236_AM08032023-1-768x511.jpg 768w, https:\/\/sites.msudenver.edu\/familyandsupport1010\/wp-content\/uploads\/sites\/491\/2024\/03\/Orientation-8236_AM08032023-1-1536x1021.jpg 1536w, https:\/\/sites.msudenver.edu\/familyandsupport1010\/wp-content\/uploads\/sites\/491\/2024\/03\/Orientation-8236_AM08032023-1-2048x1362.jpg 2048w, https:\/\/sites.msudenver.edu\/familyandsupport1010\/wp-content\/uploads\/sites\/491\/2024\/03\/Orientation-8236_AM08032023-1-1200x798.jpg 1200w, https:\/\/sites.msudenver.edu\/familyandsupport1010\/wp-content\/uploads\/sites\/491\/2024\/03\/Orientation-8236_AM08032023-1-1980x1317.jpg 1980w\" sizes=\"auto, (max-width: 1024px) 100vw, 1024px\" \/><\/figure>\n\n\n\n<p>Estamos encantados de darles la bienvenida a cada uno de ustedes a nuestro Curso de Familia y Personas de Apoyo 1010. Con este curso, esperamos poder forjar una alianza de colaboraci\u00f3n con todos ustedes a fin de promover el \u00e9xito y bienestar de nuestros estudiantes en su recorrido universitario.<\/p>\n\n\n\n<p>Este curso no es solo un programa acad\u00e9mico, sino que se trata de un enfoque integral para apoyar y orientar a los estudiantes a lo largo de los desaf\u00edos y los logros durante su experiencia universitaria. Al formar una alianza con ustedes, es nuestro objetivo facultar y guiar a los estudiantes para que tengan \u00e9xito mediante la creaci\u00f3n de un entorno donde cada uno de ellos pueda sentirse c\u00f3modo para pedir ayuda, sea a usted, al personal de MSU Denver o a los docentes. Desde ya, les agradecemos por acompa\u00f1arnos en este curso de 7 m\u00f3dulos. Juntos, podemos tener un efecto duradero en las vidas de nuestros estudiantes universitarios.<\/p>\n\n\n\n<p>Antes de comenzar el curso, les agradecemos que completen este formulario:<\/p>\n\n\n\n<figure style=\"float:center\">\n\n<!-- iframe plugin v.6.0 wordpress.org\/plugins\/iframe\/ -->\n<iframe loading=\"lazy\" title=\"Module 1\" src=\"https:\/\/msudenver.qualtrics.com\/jfe\/form\/SV_cv7dBH1H2Lt8TbM\" width=\"100%\" height=\"500\" scrolling=\"yes\" class=\"iframe-class\" frameborder=\"0\"><\/iframe>\n\n\n\n\n<div class=\"wp-block-buttons is-layout-flex wp-block-buttons-is-layout-flex\">\n<div class=\"wp-block-button\"><a class=\"wp-block-button__link wp-element-button\" href=\"https:\/\/sites.msudenver.edu\/familyandsupport1010\/modulo-1\/\">\u00a1Empecemos!<\/a><\/div>\n<\/div>\n","protected":false},"excerpt":{"rendered":"<p>Estamos encantados de darles la bienvenida a cada uno de ustedes a nuestro Curso de Familia y Personas de Apoyo 1010. Con este curso, esperamos poder forjar una alianza de colaboraci\u00f3n con todos ustedes a fin de promover el \u00e9xito y bienestar de nuestros estudiantes en su recorrido universitario. Este curso no es solo un [&hellip;]<\/p>\n","protected":false},"author":905,"featured_media":0,"parent":0,"menu_order":0,"comment_status":"closed","ping_status":"closed","template":"","meta":{"_exactmetrics_skip_tracking":false,"_exactmetrics_sitenote_active":false,"_exactmetrics_sitenote_note":"","_exactmetrics_sitenote_category":0,"footnotes":""},"class_list":["post-292","page","type-page","status-publish","hentry"],"_links":{"self":[{"href":"https:\/\/sites.msudenver.edu\/familyandsupport1010\/wp-json\/wp\/v2\/pages\/292","targetHints":{"allow":["GET"]}}],"collection":[{"href":"https:\/\/sites.msudenver.edu\/familyandsupport1010\/wp-json\/wp\/v2\/pages"}],"about":[{"href":"https:\/\/sites.msudenver.edu\/familyandsupport1010\/wp-json\/wp\/v2\/types\/page"}],"author":[{"embeddable":true,"href":"https:\/\/sites.msudenver.edu\/familyandsupport1010\/wp-json\/wp\/v2\/users\/905"}],"replies":[{"embeddable":true,"href":"https:\/\/sites.msudenver.edu\/familyandsupport1010\/wp-json\/wp\/v2\/comments?post=292"}],"version-history":[{"count":0,"href":"https:\/\/sites.msudenver.edu\/familyandsupport1010\/wp-json\/wp\/v2\/pages\/292\/revisions"}],"wp:attachment":[{"href":"https:\/\/sites.msudenver.edu\/familyandsupport1010\/wp-json\/wp\/v2\/media?parent=292"}],"curies":[{"name":"wp","href":"https:\/\/api.w.org\/{rel}","templated":true}]}}