{"id":323,"date":"2024-05-30T16:52:25","date_gmt":"2024-05-30T16:52:25","guid":{"rendered":"https:\/\/sites.msudenver.edu\/familyandsupport1010\/?page_id=323"},"modified":"2024-06-06T18:44:18","modified_gmt":"2024-06-06T18:44:18","slug":"conclusion-del-modulo-4","status":"publish","type":"page","link":"https:\/\/sites.msudenver.edu\/familyandsupport1010\/modulo-4\/el-curriculo-oculto\/recursos-academicos\/comparacion-entre-la-preparatoria-y-la-ensenanza-superior\/consejos-y-trucos-para-estudiar\/conclusion-del-modulo-4\/","title":{"rendered":"Conclusi\u00f3n del m\u00f3dulo 4"},"content":{"rendered":"\n<figure class=\"wp-block-image size-large\"><img loading=\"lazy\" decoding=\"async\" width=\"1024\" height=\"351\" src=\"http:\/\/sites.msudenver.edu\/familyandsupport1010\/wp-content\/uploads\/sites\/491\/2024\/05\/EMT-and-Nursing-students-simulation_DSC04320_JG_2024-02-28-1024x351.jpg\" alt=\"\" class=\"wp-image-216\" srcset=\"https:\/\/sites.msudenver.edu\/familyandsupport1010\/wp-content\/uploads\/sites\/491\/2024\/05\/EMT-and-Nursing-students-simulation_DSC04320_JG_2024-02-28-1024x351.jpg 1024w, https:\/\/sites.msudenver.edu\/familyandsupport1010\/wp-content\/uploads\/sites\/491\/2024\/05\/EMT-and-Nursing-students-simulation_DSC04320_JG_2024-02-28-300x103.jpg 300w, https:\/\/sites.msudenver.edu\/familyandsupport1010\/wp-content\/uploads\/sites\/491\/2024\/05\/EMT-and-Nursing-students-simulation_DSC04320_JG_2024-02-28-768x263.jpg 768w, https:\/\/sites.msudenver.edu\/familyandsupport1010\/wp-content\/uploads\/sites\/491\/2024\/05\/EMT-and-Nursing-students-simulation_DSC04320_JG_2024-02-28-1536x526.jpg 1536w, https:\/\/sites.msudenver.edu\/familyandsupport1010\/wp-content\/uploads\/sites\/491\/2024\/05\/EMT-and-Nursing-students-simulation_DSC04320_JG_2024-02-28-2048x701.jpg 2048w, https:\/\/sites.msudenver.edu\/familyandsupport1010\/wp-content\/uploads\/sites\/491\/2024\/05\/EMT-and-Nursing-students-simulation_DSC04320_JG_2024-02-28-1200x411.jpg 1200w, https:\/\/sites.msudenver.edu\/familyandsupport1010\/wp-content\/uploads\/sites\/491\/2024\/05\/EMT-and-Nursing-students-simulation_DSC04320_JG_2024-02-28-1980x678.jpg 1980w\" sizes=\"auto, (max-width: 1024px) 100vw, 1024px\" \/><\/figure>\n\n\n\n<p>En este m\u00f3dulo, echamos un vistazo m\u00e1s de cerca a las expectativas de un estudiante en MSU Denver y los recursos disponibles para ayudar a un estudiante a alcanzar sus metas. Si bien la universidad puede ser muy diferente a la escuela secundaria, este m\u00f3dulo lo gui\u00f3 a trav\u00e9s de los nuevos t\u00e9rminos y estructuras que su alumno experimentar\u00e1 en la universidad.<\/p>\n\n\n\n<figure style=\"float:center\">\n\n<!-- iframe plugin v.6.0 wordpress.org\/plugins\/iframe\/ -->\n<iframe loading=\"lazy\" title=\"Module 1\" src=\"https:\/\/msudenver.qualtrics.com\/jfe\/form\/SV_9ZEtXlI9L4HEZhA\" width=\"100%\" height=\"500\" scrolling=\"yes\" class=\"iframe-class\" frameborder=\"0\"><\/iframe>\n\n\n\n\n<div class=\"wp-block-buttons is-layout-flex wp-block-buttons-is-layout-flex\">\n<div class=\"wp-block-button\"><a class=\"wp-block-button__link wp-element-button\" href=\"https:\/\/sites.msudenver.edu\/familyandsupport1010\/modulo-5\/\">Siguiente: M\u00f3dulo 5<\/a><\/div>\n<\/div>\n","protected":false},"excerpt":{"rendered":"<p>En este m\u00f3dulo, echamos un vistazo m\u00e1s de cerca a las expectativas de un estudiante en MSU Denver y los recursos disponibles para ayudar a un estudiante a alcanzar sus metas. Si bien la universidad puede ser muy diferente a la escuela secundaria, este m\u00f3dulo lo gui\u00f3 a trav\u00e9s de los nuevos t\u00e9rminos y estructuras [&hellip;]<\/p>\n","protected":false},"author":905,"featured_media":0,"parent":322,"menu_order":0,"comment_status":"closed","ping_status":"closed","template":"","meta":{"_exactmetrics_skip_tracking":false,"_exactmetrics_sitenote_active":false,"_exactmetrics_sitenote_note":"","_exactmetrics_sitenote_category":0,"footnotes":""},"class_list":["post-323","page","type-page","status-publish","hentry"],"_links":{"self":[{"href":"https:\/\/sites.msudenver.edu\/familyandsupport1010\/wp-json\/wp\/v2\/pages\/323","targetHints":{"allow":["GET"]}}],"collection":[{"href":"https:\/\/sites.msudenver.edu\/familyandsupport1010\/wp-json\/wp\/v2\/pages"}],"about":[{"href":"https:\/\/sites.msudenver.edu\/familyandsupport1010\/wp-json\/wp\/v2\/types\/page"}],"author":[{"embeddable":true,"href":"https:\/\/sites.msudenver.edu\/familyandsupport1010\/wp-json\/wp\/v2\/users\/905"}],"replies":[{"embeddable":true,"href":"https:\/\/sites.msudenver.edu\/familyandsupport1010\/wp-json\/wp\/v2\/comments?post=323"}],"version-history":[{"count":0,"href":"https:\/\/sites.msudenver.edu\/familyandsupport1010\/wp-json\/wp\/v2\/pages\/323\/revisions"}],"up":[{"embeddable":true,"href":"https:\/\/sites.msudenver.edu\/familyandsupport1010\/wp-json\/wp\/v2\/pages\/322"}],"wp:attachment":[{"href":"https:\/\/sites.msudenver.edu\/familyandsupport1010\/wp-json\/wp\/v2\/media?parent=323"}],"curies":[{"name":"wp","href":"https:\/\/api.w.org\/{rel}","templated":true}]}}