{"id":328,"date":"2024-05-30T17:05:51","date_gmt":"2024-05-30T17:05:51","guid":{"rendered":"https:\/\/sites.msudenver.edu\/familyandsupport1010\/?page_id=328"},"modified":"2024-06-12T20:48:55","modified_gmt":"2024-06-12T20:48:55","slug":"centro-de-transicion-de-la-educacion-al-mundo-laboral","status":"publish","type":"page","link":"https:\/\/sites.msudenver.edu\/familyandsupport1010\/modulo-5\/desarrollo-profesional-2\/desarrollo-profesional\/centro-de-transicion-de-la-educacion-al-mundo-laboral\/","title":{"rendered":"Centro de Transici\u00f3n de la Educaci\u00f3n al Mundo Laboral\u00a0"},"content":{"rendered":"\n<figure class=\"wp-block-image size-large\"><img loading=\"lazy\" decoding=\"async\" width=\"1024\" height=\"299\" src=\"http:\/\/sites.msudenver.edu\/familyandsupport1010\/wp-content\/uploads\/sites\/491\/2024\/05\/Health-and-Wellness_Studying_0005AM_191016-1024x299.jpg\" alt=\"\" class=\"wp-image-220\" srcset=\"https:\/\/sites.msudenver.edu\/familyandsupport1010\/wp-content\/uploads\/sites\/491\/2024\/05\/Health-and-Wellness_Studying_0005AM_191016-1024x299.jpg 1024w, https:\/\/sites.msudenver.edu\/familyandsupport1010\/wp-content\/uploads\/sites\/491\/2024\/05\/Health-and-Wellness_Studying_0005AM_191016-300x88.jpg 300w, https:\/\/sites.msudenver.edu\/familyandsupport1010\/wp-content\/uploads\/sites\/491\/2024\/05\/Health-and-Wellness_Studying_0005AM_191016-768x224.jpg 768w, https:\/\/sites.msudenver.edu\/familyandsupport1010\/wp-content\/uploads\/sites\/491\/2024\/05\/Health-and-Wellness_Studying_0005AM_191016-1536x449.jpg 1536w, https:\/\/sites.msudenver.edu\/familyandsupport1010\/wp-content\/uploads\/sites\/491\/2024\/05\/Health-and-Wellness_Studying_0005AM_191016-2048x599.jpg 2048w, https:\/\/sites.msudenver.edu\/familyandsupport1010\/wp-content\/uploads\/sites\/491\/2024\/05\/Health-and-Wellness_Studying_0005AM_191016-1200x351.jpg 1200w, https:\/\/sites.msudenver.edu\/familyandsupport1010\/wp-content\/uploads\/sites\/491\/2024\/05\/Health-and-Wellness_Studying_0005AM_191016-1980x579.jpg 1980w\" sizes=\"auto, (max-width: 1024px) 100vw, 1024px\" \/><\/figure>\n\n\n\n<p>El Centro de Transici\u00f3n de la Educaci\u00f3n al Mundo Laboral, o \u201cC2 Hub\u201d, est\u00e1 dise\u00f1ado para ayudar a los estudiantes a identificar y perseguir las oportunidades que ofrece el futuro. Junto con los docentes, asesores acad\u00e9micos y el apoyo de los servicios del campus, C2 Hub puede vincular a los estudiantes con oportunidades para que adquieran experiencia pr\u00e1ctica en su campo de estudio y ayudarlos a que alcancen sus metas profesionales. C2 Hub tambi\u00e9n puede ponerlos en contacto con orientaci\u00f3n profesional, pasant\u00edas, ayuda para reinscripciones, oportunidades de posgrado y de aprendizaje comunitario. Los estudiantes pueden programar una cita o dirigirse al Laboratorio de Carreras (<em>Career Lab<\/em>) durante su primer semestre.<\/p>\n\n\n\n<h2 class=\"wp-block-heading\"><strong>Asistencia con becas<\/strong><\/h2>\n\n\n\n<p>El equipo de asistencia con becas de C2 Hub conecta a los estudiantes con recursos, fomenta el esp\u00edritu comunitario y desarrolla liderazgo para promover el \u00e9xito universitario, la retenci\u00f3n y la graduaci\u00f3n. Los estudiantes se reunir\u00e1n con asesores de becas que los conectar\u00e1n con interesantes oportunidades de liderazgo, desarrollo profesional y contactos de la comunidad de MSU Denver. Para obtener m\u00e1s informaci\u00f3n sobre oportunidades de becas, visiten el sitio web de asistencia con becas.&nbsp;&nbsp;<\/p>\n\n\n\n<h2 class=\"wp-block-heading\"><strong>Compromiso con la carrera<\/strong><\/h2>\n\n\n\n<p>C2 Hub ofrece apoyo para la carrera a fin de ayudar a los estudiantes a alcanzar sus metas profesionales. Este apoyo comprende el Laboratorio de Carreras donde los estudiantes pueden trabajar en las actividades de su carrera con el apoyo de su equipo, o bien consultas individuales con asesores de carreras donde pueden recibir ayuda con su curr\u00edculo, la b\u00fasqueda de empleo, las entrevistas de trabajo o hablar sobre cualquier tema de la carrera que les interese. El C2 Hub tambi\u00e9n organiza una variedad de programas de preparaci\u00f3n para la vida profesional y laboral a los que los estudiantes pueden asistir cada semestre. Si los estudiantes necesitan m\u00e1s ayuda, an\u00edmenlos a que se inscriban al programa Mentor\u00edas con Compa\u00f1eros de la Carrera, donde se les puede asignar un compa\u00f1ero como mentor que los ayudar\u00e1 a conectarse con recursos de la carrera adecuados para ellos. Para obtener m\u00e1s informaci\u00f3n sobre el horario de atenci\u00f3n del Laboratorio de Carreras y los programas, llame al 303-615-1133, env\u00ede un correo electr\u00f3nico a <a href=\"mailto:c2hub@msudenver.edu\">c2hub@msudenver.edu<\/a>, o bien visite el sitio web de apoyo para la carrera.&nbsp;&nbsp;<\/p>\n\n\n\n<h2 class=\"wp-block-heading\"><strong>Asociaciones con la industria<\/strong><\/h2>\n\n\n\n<p>El Equipo de Asociaciones con la Industria (IPT) sirve de enlace entre los estudiantes y m\u00e1s de 5,000 empleadores locales de una variedad de sectores para apoyar las actividades de exploraci\u00f3n de carreras de los estudiantes en el campus y en la comunidad. Gracias a esto, los empleadores tienen gran inter\u00e9s en participar en ferias de empleo, mentor\u00edas profesionales y paneles de discusi\u00f3n para apoyar el desarrollo profesional de estudiantes talentosos de MSU Denver. Los empleadores buscan portales de empleo internos para publicar pasant\u00edas y trabajos con el objetivo espec\u00edfico de emplear a estudiantes y exalumnos de MSU Denver. Para obtener m\u00e1s informaci\u00f3n sobre los tipos de trabajos y pasant\u00edas disponibles, visiten el sitio web de Oportunidades Laborales.&nbsp;&nbsp;<\/p>\n\n\n\n<h2 class=\"wp-block-heading\"><strong>Iniciativas de estudiantes de primera generaci\u00f3n<\/strong><\/h2>\n\n\n\n<p>C2 Hub sirve como un recurso para los actuales estudiantes de primera generaci\u00f3n mientras navegan el campus socios del campus. Alientan y facultan a la comunidad de Roadrunners a acoger y celebrar las identidades interseccionales de la poblaci\u00f3n de estudiantes universitarios de primera generaci\u00f3n. Para obtener m\u00e1s informaci\u00f3n sobre el trabajo que realizan los estudiantes de primera generaci\u00f3n y explorar los recursos, visiten el sitio web de Estudiantes de primera generaci\u00f3n.&nbsp;&nbsp;<\/p>\n\n\n\n<p>\u00a1Repasemos lo que hemos aprendido en el m\u00f3dulo 5!<\/p>\n\n\n<div>\n\t<div class=\"su-note\"  style=\"border-color:#dadadd;border-radius:3px;-moz-border-radius:3px;-webkit-border-radius:3px;\"><div class=\"su-note-inner su-u-clearfix su-u-trim\" style=\"background-color:#f4f4f7;border-color:#ffffff;color:#333333;border-radius:3px;-moz-border-radius:3px;-webkit-border-radius:3px;\">\n<h2>Verificaci\u00f3n de conocimiento<\/h2>\n<p>Pruebe su comprensi\u00f3n del material en esta p\u00e1gina con las preguntas a continuaci\u00f3n. Considere su respuesta a cada pregunta de opci\u00f3n m\u00faltiple, luego haga clic en &#8220;Verificar su respuesta&#8221; debajo de cada pregunta para saber si estaba en lo correcto.<\/p>\n<ol>\n<li>\u00bfCon qu\u00e9 oportunidades los asesores de becas conectar\u00e1n a los estudiantes?\n<ul>\n<li>Oportunidades de liderazgo interesantes.<\/li>\n<li>Desarrollo profesional.\u00a0<\/li>\n<li>V\u00ednculos con la comunidad de MSU Denver.\u00a0<\/li>\n<li>Todo lo anterior.<\/li>\n<\/ul>\n<\/li>\n<details class=\"wp-block-details\">\n<summary>Verificar su respuesta<\/summary>\n<p>Todo lo anterior.<\/p>\n<\/details>\n<p><\/p>\n<li>\u00bfCon qu\u00e9 pueden recibir ayuda los estudiantes durante las consultas individuales con el asesor de carreras en C2 Hub?\n<ul>\n<li>Redacci\u00f3n del curr\u00edculo (resume).<\/li>\n<li>B\u00fasqueda de empleo.<\/li>\n<li>Preparaci\u00f3n para entrevistas laborales.\u00a0<\/li>\n<li>Todo lo anterior.<\/li>\n<\/ul>\n<\/li>\n<details class=\"wp-block-details\">\n<summary>Verificar su respuesta<\/summary>\n<p>Todo lo anterior.<\/p>\n<\/details>\n<\/li>\n<p><\/p>\n<li>\u00bfQu\u00e9 funci\u00f3n cumple el Equipo de Asociaciones con la Industria (IPT) del Centro de Transici\u00f3n de la Educaci\u00f3n al Mundo Laboral?\n<ul>\n<li>Vincular a los estudiantes con empleadores locales para explorar actividades de la carrera.<\/li>\n<li>Suministrar libros de texto a los estudiantes para sus cursos.<\/li>\n<li>Organizar eventos deportivos para los estudiantes.<\/li>\n<li>Ofrecer a los estudiantes instalaciones de alojamiento.<\/li>\n<\/ul>\n<\/li>\n<details class=\"wp-block-details\">\n<summary>Verificar su respuesta<\/summary>\n<p>Vincular a los estudiantes con empleadores locales para explorar actividades de la carrera.<\/p>\n<\/details>\n<\/li>\n<\/ol>\n<\/div><\/div>\n\n\n\n<div class=\"wp-block-buttons is-layout-flex wp-block-buttons-is-layout-flex\">\n<div class=\"wp-block-button\"><a class=\"wp-block-button__link wp-element-button\" href=\"https:\/\/sites.msudenver.edu\/familyandsupport1010\/modulo-5\/desarrollo-profesional-2\/desarrollo-profesional\/centro-de-transicion-de-la-educacion-al-mundo-laboral\/conclusion-del-modulo-5\/\">Siguiente: conclusi\u00f3n del m\u00f3dulo 5<\/a><\/div>\n<\/div>\n","protected":false},"excerpt":{"rendered":"<p>El Centro de Transici\u00f3n de la Educaci\u00f3n al Mundo Laboral, o \u201cC2 Hub\u201d, est\u00e1 dise\u00f1ado para ayudar a los estudiantes a identificar y perseguir las oportunidades que ofrece el futuro. Junto con los docentes, asesores acad\u00e9micos y el apoyo de los servicios del campus, C2 Hub puede vincular a los estudiantes con oportunidades para que [&hellip;]<\/p>\n","protected":false},"author":905,"featured_media":0,"parent":327,"menu_order":0,"comment_status":"closed","ping_status":"closed","template":"","meta":{"_exactmetrics_skip_tracking":false,"_exactmetrics_sitenote_active":false,"_exactmetrics_sitenote_note":"","_exactmetrics_sitenote_category":0,"footnotes":""},"class_list":["post-328","page","type-page","status-publish","hentry"],"_links":{"self":[{"href":"https:\/\/sites.msudenver.edu\/familyandsupport1010\/wp-json\/wp\/v2\/pages\/328","targetHints":{"allow":["GET"]}}],"collection":[{"href":"https:\/\/sites.msudenver.edu\/familyandsupport1010\/wp-json\/wp\/v2\/pages"}],"about":[{"href":"https:\/\/sites.msudenver.edu\/familyandsupport1010\/wp-json\/wp\/v2\/types\/page"}],"author":[{"embeddable":true,"href":"https:\/\/sites.msudenver.edu\/familyandsupport1010\/wp-json\/wp\/v2\/users\/905"}],"replies":[{"embeddable":true,"href":"https:\/\/sites.msudenver.edu\/familyandsupport1010\/wp-json\/wp\/v2\/comments?post=328"}],"version-history":[{"count":0,"href":"https:\/\/sites.msudenver.edu\/familyandsupport1010\/wp-json\/wp\/v2\/pages\/328\/revisions"}],"up":[{"embeddable":true,"href":"https:\/\/sites.msudenver.edu\/familyandsupport1010\/wp-json\/wp\/v2\/pages\/327"}],"wp:attachment":[{"href":"https:\/\/sites.msudenver.edu\/familyandsupport1010\/wp-json\/wp\/v2\/media?parent=328"}],"curies":[{"name":"wp","href":"https:\/\/api.w.org\/{rel}","templated":true}]}}