{"id":332,"date":"2024-05-30T18:41:54","date_gmt":"2024-05-30T18:41:54","guid":{"rendered":"https:\/\/sites.msudenver.edu\/familyandsupport1010\/?page_id=332"},"modified":"2024-06-06T16:50:29","modified_gmt":"2024-06-06T16:50:29","slug":"modulo-6","status":"publish","type":"page","link":"https:\/\/sites.msudenver.edu\/familyandsupport1010\/modulo-6\/","title":{"rendered":"M\u00f3dulo 6"},"content":{"rendered":"\n<figure class=\"wp-block-image size-large\"><img loading=\"lazy\" decoding=\"async\" width=\"1024\" height=\"307\" src=\"http:\/\/sites.msudenver.edu\/familyandsupport1010\/wp-content\/uploads\/sites\/491\/2024\/05\/Campus-Life_HomecomingTailgate_09302022_1900AM-1024x307.jpg\" alt=\"\" class=\"wp-image-226\" srcset=\"https:\/\/sites.msudenver.edu\/familyandsupport1010\/wp-content\/uploads\/sites\/491\/2024\/05\/Campus-Life_HomecomingTailgate_09302022_1900AM-1024x307.jpg 1024w, https:\/\/sites.msudenver.edu\/familyandsupport1010\/wp-content\/uploads\/sites\/491\/2024\/05\/Campus-Life_HomecomingTailgate_09302022_1900AM-300x90.jpg 300w, https:\/\/sites.msudenver.edu\/familyandsupport1010\/wp-content\/uploads\/sites\/491\/2024\/05\/Campus-Life_HomecomingTailgate_09302022_1900AM-768x231.jpg 768w, https:\/\/sites.msudenver.edu\/familyandsupport1010\/wp-content\/uploads\/sites\/491\/2024\/05\/Campus-Life_HomecomingTailgate_09302022_1900AM-1536x461.jpg 1536w, https:\/\/sites.msudenver.edu\/familyandsupport1010\/wp-content\/uploads\/sites\/491\/2024\/05\/Campus-Life_HomecomingTailgate_09302022_1900AM-2048x615.jpg 2048w, https:\/\/sites.msudenver.edu\/familyandsupport1010\/wp-content\/uploads\/sites\/491\/2024\/05\/Campus-Life_HomecomingTailgate_09302022_1900AM-1200x360.jpg 1200w, https:\/\/sites.msudenver.edu\/familyandsupport1010\/wp-content\/uploads\/sites\/491\/2024\/05\/Campus-Life_HomecomingTailgate_09302022_1900AM-1980x595.jpg 1980w\" sizes=\"auto, (max-width: 1024px) 100vw, 1024px\" \/><\/figure>\n\n\n\n<h2 class=\"wp-block-heading\">Participaci\u00f3n estudiantil&nbsp;<\/h2>\n\n\n\n<p>En el m\u00f3dulo 6, veremos los aspectos cruciales de la participaci\u00f3n y el bienestar del estudiante para garantizar una experiencia universitaria enriquecedora en MSU Denver. Exploraremos c\u00f3mo fomentar un sentido de pertenencia enriquece la experiencia acad\u00e9mica y universitaria global del estudiante. Tambi\u00e9n repasaremos las medidas y recursos de seguridad en el campus, as\u00ed como oportunidades de alojamiento en MSU Denver.<\/p>\n\n\n\n<h2 class=\"wp-block-heading\"><strong>Objetivos de aprendizaje&nbsp;<\/strong><\/h2>\n\n\n\n<ul class=\"wp-block-list\">\n<li>Describir los principales tipos de ayuda financiera y sus caracter\u00edsticas.<\/li>\n\n\n\n<li>Recordar el cronograma anual de ayuda financiera con los plazos para presentar solicitudes y recibir adjudicaciones.<\/li>\n\n\n\n<li>Determinar la elegibilidad y los pasos a seguir para el fondo College Opportunity Fund.<\/li>\n\n\n\n<li>Identificar las funciones principales de la Oficina de Tesorer\u00eda, entre otras, los planes de pago y las fechas de vencimiento de las facturas.<\/li>\n\n\n\n<li>Emplear t\u00e9rminos clave de ayuda financiera en una oraci\u00f3n, como el \u00edndice de Aporte Familiar Previsto (EFC) o el \u00cdndice de Ayuda Estudiantil (SAI), costo de asistencia, Solicitud Gratuita de Ayuda Federal para Estudiantes (FAFSA), Solicitud de Ayuda Financiera Estatal de Colorado (CASFA), estudio y trabajo, subvenciones o becas y pr\u00e9stamos.<\/li>\n<\/ul>\n\n\n\n<div class=\"wp-block-buttons is-layout-flex wp-block-buttons-is-layout-flex\">\n<div class=\"wp-block-button\"><a class=\"wp-block-button__link wp-element-button\" href=\"https:\/\/sites.msudenver.edu\/familyandsupport1010\/modulo-6\/participacion\/\">Siguiente: Participaci\u00f3n&nbsp;<\/a><\/div>\n<\/div>\n","protected":false},"excerpt":{"rendered":"<p>Participaci\u00f3n estudiantil&nbsp; En el m\u00f3dulo 6, veremos los aspectos cruciales de la participaci\u00f3n y el bienestar del estudiante para garantizar una experiencia universitaria enriquecedora en MSU Denver. Exploraremos c\u00f3mo fomentar un sentido de pertenencia enriquece la experiencia acad\u00e9mica y universitaria global del estudiante. Tambi\u00e9n repasaremos las medidas y recursos de seguridad en el campus, as\u00ed [&hellip;]<\/p>\n","protected":false},"author":905,"featured_media":0,"parent":0,"menu_order":0,"comment_status":"closed","ping_status":"closed","template":"","meta":{"_exactmetrics_skip_tracking":false,"_exactmetrics_sitenote_active":false,"_exactmetrics_sitenote_note":"","_exactmetrics_sitenote_category":0,"footnotes":""},"class_list":["post-332","page","type-page","status-publish","hentry"],"_links":{"self":[{"href":"https:\/\/sites.msudenver.edu\/familyandsupport1010\/wp-json\/wp\/v2\/pages\/332","targetHints":{"allow":["GET"]}}],"collection":[{"href":"https:\/\/sites.msudenver.edu\/familyandsupport1010\/wp-json\/wp\/v2\/pages"}],"about":[{"href":"https:\/\/sites.msudenver.edu\/familyandsupport1010\/wp-json\/wp\/v2\/types\/page"}],"author":[{"embeddable":true,"href":"https:\/\/sites.msudenver.edu\/familyandsupport1010\/wp-json\/wp\/v2\/users\/905"}],"replies":[{"embeddable":true,"href":"https:\/\/sites.msudenver.edu\/familyandsupport1010\/wp-json\/wp\/v2\/comments?post=332"}],"version-history":[{"count":0,"href":"https:\/\/sites.msudenver.edu\/familyandsupport1010\/wp-json\/wp\/v2\/pages\/332\/revisions"}],"wp:attachment":[{"href":"https:\/\/sites.msudenver.edu\/familyandsupport1010\/wp-json\/wp\/v2\/media?parent=332"}],"curies":[{"name":"wp","href":"https:\/\/api.w.org\/{rel}","templated":true}]}}