{"id":38,"date":"2022-09-19T21:58:33","date_gmt":"2022-09-19T21:58:33","guid":{"rendered":"https:\/\/sites.msudenver.edu\/languageandculture\/?page_id=38"},"modified":"2022-09-19T21:58:33","modified_gmt":"2022-09-19T21:58:33","slug":"jour-4-dune-pratique-culturelle-lhospitalite-marocaine-a-la-notion-de-perspectives","status":"publish","type":"page","link":"https:\/\/sites.msudenver.edu\/languageandculture\/teaching-unit-au-maroc-observer-analyser-approfondir-guiding-students-of-french-towards-cross-cultural-competence\/jour-4-dune-pratique-culturelle-lhospitalite-marocaine-a-la-notion-de-perspectives\/","title":{"rendered":"Jour 4 &#8211; D&#8217;une pratique culturelle (l&#8217;hospitalit\u00e9 marocaine) \u00e0 la notion de perspectives"},"content":{"rendered":"<p>Pendant ce cours, les \u00e9tudiants passeront de l&#8217;analyse des produits culturels marocains \u00e0 l&#8217;analyse d&#8217;une pratique &#8211; l&#8217;hospitalit\u00e9.\u00a0 Ils seront \u00e9galement guid\u00e9s \u00e0 imaginer des perspectives derri\u00e8re l&#8217;hospitalit\u00e9 marocaine.<\/p>\n","protected":false},"excerpt":{"rendered":"<p>Pendant ce cours, les \u00e9tudiants passeront de l&#8217;analyse des produits culturels marocains \u00e0 l&#8217;analyse d&#8217;une pratique &#8211; l&#8217;hospitalit\u00e9.\u00a0 Ils seront \u00e9galement guid\u00e9s \u00e0 imaginer des perspectives derri\u00e8re l&#8217;hospitalit\u00e9 marocaine.<\/p>\n","protected":false},"author":873,"featured_media":0,"parent":10,"menu_order":5,"comment_status":"closed","ping_status":"closed","template":"","meta":{"_exactmetrics_skip_tracking":false,"_exactmetrics_sitenote_active":false,"_exactmetrics_sitenote_note":"","_exactmetrics_sitenote_category":0,"footnotes":""},"class_list":["post-38","page","type-page","status-publish","hentry"],"_links":{"self":[{"href":"https:\/\/sites.msudenver.edu\/languageandculture\/wp-json\/wp\/v2\/pages\/38","targetHints":{"allow":["GET"]}}],"collection":[{"href":"https:\/\/sites.msudenver.edu\/languageandculture\/wp-json\/wp\/v2\/pages"}],"about":[{"href":"https:\/\/sites.msudenver.edu\/languageandculture\/wp-json\/wp\/v2\/types\/page"}],"author":[{"embeddable":true,"href":"https:\/\/sites.msudenver.edu\/languageandculture\/wp-json\/wp\/v2\/users\/873"}],"replies":[{"embeddable":true,"href":"https:\/\/sites.msudenver.edu\/languageandculture\/wp-json\/wp\/v2\/comments?post=38"}],"version-history":[{"count":0,"href":"https:\/\/sites.msudenver.edu\/languageandculture\/wp-json\/wp\/v2\/pages\/38\/revisions"}],"up":[{"embeddable":true,"href":"https:\/\/sites.msudenver.edu\/languageandculture\/wp-json\/wp\/v2\/pages\/10"}],"wp:attachment":[{"href":"https:\/\/sites.msudenver.edu\/languageandculture\/wp-json\/wp\/v2\/media?parent=38"}],"curies":[{"name":"wp","href":"https:\/\/api.w.org\/{rel}","templated":true}]}}

Jour 4 &#8211; D&#8217;une pratique culturelle (l&#8217;hospitalité marocaine) à la notion de perspectives

<p>Pendant ce cours, les étudiants passeront de l&#8217;analyse des produits culturels marocains à l&#8217;analyse d&#8217;une pratique &#8211; l&#8217;hospitalité.  Ils seront également guidés à imaginer des perspectives derrière l&#8217;hospitalité marocaine.</p>
